 248 + 57, 2*d - 5*v = 327. What are the prime factors of d?
2, 11
Suppose 195 = 2*m + m. What are the prime factors of m?
5, 13
Let k = 65 + -23. List the prime factors of k.
2, 3, 7
Let a(i) = 23*i + 11. Let d be a(-8). Let v be (-12)/16 + d/4. Let o = -23 - v. What are the prime factors of o?
3, 7
Let l(n) = 2*n**3 - 4*n**2 + 3*n - 2. Suppose -y + 12 = 3*y. List the prime factors of l(y).
5
Suppose 4*q - 248 + 56 = 0. What are the prime factors of q?
2, 3
Suppose -5*l - 4*h = -1085, -5*h = 3*l - 2*h - 654. List the prime factors of l.
3, 71
Let u be (-22)/(-5) - 4/10. Suppose j + 0*j = -1. Let t = u + j. What are the prime factors of t?
3
Suppose -3*j + 4*s = s - 18, -j - 4*s - 9 = 0. List the prime factors of 77/j + 3/9.
2, 13
What are the prime factors of 86/(-4)*(-6)/3?
43
Suppose 4*j - 5*j + 13 = 0. Let v = -5 + j. Let w = v - -7. What are the prime factors of w?
3, 5
Let d = 23 - 20. Suppose 0 = 5*b + 2*o - 120 + 50, d*o = -3*b + 42. List the prime factors of b.
2, 7
Let b(m) = -m - 1. Let c be b(-3). Suppose 0*p - c = p, 0 = 4*v + 2*p - 8. Suppose 32 + 1 = v*t. What are the prime factors of t?
11
Suppose -4*v + 98 = -354. List the prime factors of v.
113
Suppose -2*f = -167 + 59. Suppose 0 = -2*w - 4*q + 46, 3*w - 3*q = -3 + f. List the prime factors of w.
19
Let p be (20/3)/((-2)/(-24)). What are the prime factors of 0 + -1 - p/(-4)?
19
Suppose -2*h - h = -5*g - 1, 3*h + 2*g - 8 = 0. What are the prime factors of h?
2
Suppose 644 = 9*g - 2*g. List the prime factors of g.
2, 23
Let p(b) = 2*b + 16. List the prime factors of p(-5).
2, 3
Let k(b) = -3*b + 2. Let q be k(5). Let i = -11 - q. Suppose -60 = -4*v - 4*r, -5*v + i*r - 27 = -130. What are the prime factors of v?
19
Let a(q) = -3*q**3 + q**2. Let s be a(1). Let d be (7*-2)/s + -2. Suppose 6 = -2*j + d*j. What are the prime factors of j?
2
Let x(t) be the first derivative of -t**3/3 - 7*t**2/2 - 9*t + 3. Let h be x(-7). What are the prime factors of 3/h - (-62)/6?
2, 5
Let k = -40 + 85. Suppose n + 3*a - k = 0, -n + 27 = -3*a - 30. What are the prime factors of n?
3, 17
Let t(h) = h + 1. Let l be t(2). Suppose p - 76 = -l*p. What are the prime factors of p?
19
Suppose 4*x - 4*y - 229 - 3 = 0, x = -5*y + 52. Suppose -4*c + x = -123. Suppose 5*k - c = -0*k. What are the prime factors of k?
3
Let w(h) = -14*h + 1. Let x be w(5). Let d = -49 - x. What are the prime factors of d?
2, 5
Suppose t - 5*y = 26, -3*y - 18 + 0 = -3*t. Suppose r + 3*s = 2*s + 2, -t = 2*r - 3*s. What are the prime factors of -10*(-2 + r + 0)?
2, 5
Let a(o) = -o**2 + 14*o - 17. Let n(b) = -2*b**2 + 29*b - 35. Let u(g) = -13*a(g) + 6*n(g). List the prime factors of u(11).
2, 11
List the prime factors of (2 - 2) + 25 - (0 + 1).
2, 3
Let z = 28 + -13. List the prime factors of z.
3, 5
Let x(g) = -10*g - 20. List the prime factors of x(-11).
2, 3, 5
Let s(o) = o. Let q(v) = -v**2 - 5*v. Suppose j - 2*u - 18 = 5*j, 0 = -3*j - u - 13. Let z be q(j). List the prime factors of s(z).
2
Let x = 9 - -4. What are the prime factors of x?
13
Let t(a) = -a**3 - 16*a**2 + 10. Suppose -6 = r - 5*z, -3*r - 50 = -0*r + z. List the prime factors of t(r).
2, 5
Let m = -20 + 13. Let b = -2 - m. What are the prime factors of b?
5
Let t be 2*(50/2 - -2). Suppose 0 = 4*m - 6*m + t. List the prime factors of m.
3
List the prime factors of 3879/18 - 1/2.
5, 43
Suppose 3*o = 3*w + 108, 2*o - 64 - 8 = 4*w. Let y(n) = -n**2 + 6*n + 5. Let v be y(6). Suppose -2*a - o = -v*a. List the prime factors of a.
2, 3
Suppose -f - 6 = -1, 0 = x + 3*f + 13. Let r be 2 - x/(-4)*-4. Suppose r = -5*i, -3 = 3*u + 3*i - 15. List the prime factors of u.
2
Let a(y) = -24*y**2. Let b be a(-1). Let u = -8 - b. List the prime factors of u.
2
Suppose 64 = 4*l - 84. What are the prime factors of l?
37
Let z(k) be the third derivative of -k**5/60 + 11*k**4/24 + k**3 + 2*k**2. What are the prime factors of z(9)?
2, 3
Let b(m) = -12*m + 3. Let y be b(2). Let h = y + 37. What are the prime factors of h?
2
Let j = -1 + 6. Suppose -j*x - 30 = -185. List the prime factors of x.
31
Suppose -g + 4 = -5*g. Let j be 1/(-1) + (g - -2). Suppose 5*h - 16 - 29 = j. List the prime factors of h.
3
Let t = -21 + 33. Let g be (-2)/7 + (-46)/(-14). Suppose -l = g*l - t. List the prime factors of l.
3
Suppose 3*b + b - 40 = 0. Let s(i) = i**3 - 11*i**2 + 13*i - 12. What are the prime factors of s(b)?
2, 3
Suppose -10 = o - 6*o. Suppose -5*a - o*f + 0*f + 202 = 0, -160 = -4*a - 2*f. Suppose -2*c = -4*x + a, 2*x + 2*c = 24 - 6. List the prime factors of x.
2, 5
Let k be 2/(-3)*-6*1. Suppose k*s - 5*s = -8. What are the prime factors of s?
2
Suppose q + 10 - 33 = -4*a, 0 = -2*q + 2*a + 16. Let f = -1 + q. List the prime factors of f.
2, 5
Let z(w) = -50*w**3 - w**2 + 1. Let k be z(-1). What are the prime factors of 680/k*5/2?
2, 17
Let k(w) = -w**3 + w**2 - w. Let l(f) = 3*f**3 - 7*f**2 + 7*f - 6. Let t be ((-4)/10)/((-1)/(-5)). Let c(i) = t*k(i) - l(i). What are the prime factors of c(4)?
2
Suppose -4*z - 44 = -4*k, 44 = -4*z - 0*k + 5*k. Let r = 16 + z. Suppose -2*x = 4*v - 32, -4*v + 3*v = r*x - 62. What are the prime factors of x?
2, 3
Let j be 3 + 1/(-2)*2. Suppose -s - 4*v = 10, 2*s + 0*s = j*v. List the prime factors of s + (18 - -3) - 3.
2
Suppose -3*z + 99 - 33 = 0. List the prime factors of z.
2, 11
Let m(o) be the third derivative of o**5/20 - o**4/6 + o**3/3 + o**2. Suppose 4*g - 2 - 6 = 0. List the prime factors of m(g).
2, 3
Let f be (2/(-4)*22)/(-1). Let i(n) = n**3 - 11*n**2 - 11. Let w be i(f). Let b = 18 + w. What are the prime factors of b?
7
Let c(d) = -d**2 + 11*d - 8. What are the prime factors of c(7)?
2, 5
Let d = 0 + -3. Let l = d - -5. Suppose 4*y - 22 = -l*z, -z - 9 = 2*y + 4*z. What are the prime factors of y?
2
Suppose 0 = -5*i + 10, t + 5*i = 101 + 59. List the prime factors of t.
2, 3, 5
Let n = -5 + 12. Let l = -4 + n. List the prime factors of l.
3
Let f = -155 - -329. List the prime factors of f.
2, 3, 29
Suppose 0 = -4*a + 3*z + 20, -3*z - 6 = 6. Let h(j) = 14*j - 1. List the prime factors of h(a).
3
Let u be 4/10*(-2 + 7). Let o(x) = -2*x**u - 5 + 3*x**2 + 3*x + 1 + 1. What are the prime factors of o(-5)?
7
Suppose 0 = -4*o + 64 - 12. Suppose -59 = -2*z - o. What are the prime factors of z?
23
Suppose 3*x = 4*b - 14, -4*b + x = -3*b - 4. Suppose -b*q = 11 - 27. List the prime factors of 2/(-8) - (-74)/q.
3
Suppose -3*k = 19 + 2. Let n(v) = -v + 2. What are the prime factors of n(k)?
3
Suppose -4*s + 11 = 5*a, -3*s + 6 = -0*s + 3*a. Let g be s/(-2) + (-7)/(-2). Suppose -3*d + 31 = -0*d + 2*b, b + g = 0. List the prime factors of d.
13
Let c = 146 - 43. List the prime factors of c.
103
Let h(y) be the second derivative of -y**5/20 - y**4/2 - y**3/2 - 3*y**2 + y. Suppose -24 = -s + 5*s. List the prime factors of h(s).
2, 3
Let x(n) = 12*n**3 - 3*n**2 + 2*n + 2. Let q be x(2). Suppose f - 34 = 4*j, -5*f + 0*f = -4*j - q. What are the prime factors of f?
2, 7
Let r be 4/2 - -2 - -2. Suppose -3*v + 8*v = -3*g + 6, -g + r = 3*v. Suppose v*x + x = 2*a - 14, 0 = -4*a - x + 64. List the prime factors of a.
3, 5
Let t = -16 - -20. Let w be 4*1 - (0 - 1). Suppose -16 - t = -w*v. List the prime factors of v.
2
Let f(a) = a**3 + 5*a**2 + 2*a. Let j be f(-2). List the prime factors of 81/6 + (-12)/j.
2, 3
Suppose -d = -6*y + 3*y + 102, 5*y - 150 = -5*d. What are the prime factors of y?
3, 11
Suppose 0*x - 115 = -5*x. Let a = -5 + 5. Suppose a = 5*f + 5*b - 105, -5*f + 4*b + 83 = x. What are the prime factors of f?
2
Suppose 90 = -0*r + 3*r. Let y = r + -19. What are the prime factors of y?
11
Let k = 174 - 99. List the prime factors of k.
3, 5
List the prime factors of 195 + -1 - ((-80)/5)/(-4).
2, 5, 19
Suppose -2*t = 6, y - 86 - 164 = 2*t. What are the prime factors of y?
2, 61
Let a = -62 + 92. Suppose 5*o - 10 = a. List the prime factors of o/((1 - 0) + 0).
2
Let i(g) = -3*g - 1. What are the prime factors of i(-6)?
17
What are the prime factors of 41 - 2/(4 + -2)?
2, 5
Let r(i) = 3*i - 12. Suppose -10 - 12 = -3*o - 2*j, -j = -3*o + 25. What are the prime factors of r(o)?
2, 3
Suppose 3*b - 96 = -2*d, -d + 3*b = -5*d + 192. List the prime factors of d.
2, 3
Suppose 12 + 8 = 4*y. List the prime factors of y.
5
Let g be ((-6)/(-15))/((-2)/(-20)). Suppose 3*j -